{"id":2,"date":"2023-05-18T17:18:34","date_gmt":"2023-05-18T17:18:34","guid":{"rendered":"https:\/\/22bet.cafe\/vietnam\/?page_id=2"},"modified":"2025-02-05T07:09:51","modified_gmt":"2025-02-05T07:09:51","slug":"sample-page","status":"publish","type":"page","link":"https:\/\/22bet.cafe\/vietnam\/","title":{"rendered":"Trang ch\u1ee7"},"content":{"rendered":"","protected":false},"excerpt":{"rendered":"","protected":false},"author":1,"featured_media":0,"parent":0,"menu_order":0,"comment_status":"closed","ping_status":"open","template":"","meta":{"_acf_changed":false,"inline_featured_image":false,"footnotes":""},"class_list":["post-2","page","type-page","status-publish","hentry"],"acf":[],"yoast_head":"<!-- This site is optimized with the Yoast SEO plugin v26.0 - https:\/\/yoast.com\/wordpress\/plugins\/seo\/ -->\n<title>C\u00e1 c\u01b0\u1ee3c th\u1ec3 thao v\u00e0 s\u00f2ng b\u1ea1c 22Bet | Trang web ch\u00ednh th\u1ee9c<\/title>\n<meta name=\"description\" content=\"22Bet l\u00e0 \u0110i\u1ec3m \u0111\u1ebfn Cu\u1ed1i c\u00f9ng c\u1ee7a B\u1ea1n cho Tr\u00f2 ch\u01a1i Tr\u1ef1c tuy\u1ebfn v\u00e0 C\u00e1 c\u01b0\u1ee3c Th\u1ec3 thao! \u2714\ufe0f T\u1eadn h\u01b0\u1edfng tr\u00f2 ch\u01a1i an to\u00e0n v\u00e0 c\u00f4ng b\u1eb1ng v\u1edbi Ti\u1ec1n th\u01b0\u1edfng 22Bet\" \/>\n<meta name=\"robots\" content=\"index, follow, max-snippet:-1, max-image-preview:large, max-video-preview:-1\" \/>\n<meta property=\"og:locale\" content=\"vi_VN\" \/>\n<meta property=\"og:type\" content=\"article\" \/>\n<meta property=\"og:title\" content=\"C\u00e1 c\u01b0\u1ee3c th\u1ec3 thao v\u00e0 s\u00f2ng b\u1ea1c 22Bet | Trang web ch\u00ednh th\u1ee9c\" \/>\n<meta property=\"og:description\" content=\"22Bet l\u00e0 \u0110i\u1ec3m \u0111\u1ebfn Cu\u1ed1i c\u00f9ng c\u1ee7a B\u1ea1n cho Tr\u00f2 ch\u01a1i Tr\u1ef1c tuy\u1ebfn v\u00e0 C\u00e1 c\u01b0\u1ee3c Th\u1ec3 thao! \u2714\ufe0f T\u1eadn h\u01b0\u1edfng tr\u00f2 ch\u01a1i an to\u00e0n v\u00e0 c\u00f4ng b\u1eb1ng v\u1edbi Ti\u1ec1n th\u01b0\u1edfng 22Bet\" \/>\n<meta property=\"og:url\" content=\"https:\/\/22bet.cafe\/vietnam\/\" \/>\n<meta property=\"og:site_name\" content=\"22bet Team vi\" \/>\n<meta property=\"article:modified_time\" content=\"2025-02-05T07:09:51+00:00\" \/>\n<meta name=\"twitter:card\" content=\"summary_large_image\" \/>\n<script type=\"application\/ld+json\" class=\"yoast-schema-graph\">{\"@context\":\"https:\/\/schema.org\",\"@graph\":[{\"@type\":\"WebPage\",\"@id\":\"https:\/\/22bet.cafe\/vietnam\/\",\"url\":\"https:\/\/22bet.cafe\/vietnam\/\",\"name\":\"C\u00e1 c\u01b0\u1ee3c th\u1ec3 thao v\u00e0 s\u00f2ng b\u1ea1c 22Bet | Trang web ch\u00ednh th\u1ee9c\",\"isPartOf\":{\"@id\":\"https:\/\/22bet.cafe\/vietnam\/#website\"},\"datePublished\":\"2023-05-18T17:18:34+00:00\",\"dateModified\":\"2025-02-05T07:09:51+00:00\",\"description\":\"22Bet l\u00e0 \u0110i\u1ec3m \u0111\u1ebfn Cu\u1ed1i c\u00f9ng c\u1ee7a B\u1ea1n cho Tr\u00f2 ch\u01a1i Tr\u1ef1c tuy\u1ebfn v\u00e0 C\u00e1 c\u01b0\u1ee3c Th\u1ec3 thao! \u2714\ufe0f T\u1eadn h\u01b0\u1edfng tr\u00f2 ch\u01a1i an to\u00e0n v\u00e0 c\u00f4ng b\u1eb1ng v\u1edbi Ti\u1ec1n th\u01b0\u1edfng 22Bet\",\"breadcrumb\":{\"@id\":\"https:\/\/22bet.cafe\/vietnam\/#breadcrumb\"},\"inLanguage\":\"vi\",\"potentialAction\":[{\"@type\":\"ReadAction\",\"target\":[\"https:\/\/22bet.cafe\/vietnam\/\"]}]},{\"@type\":\"BreadcrumbList\",\"@id\":\"https:\/\/22bet.cafe\/vietnam\/#breadcrumb\",\"itemListElement\":[{\"@type\":\"ListItem\",\"position\":1,\"name\":\"\u0413\u043b\u0430\u0432\u043d\u0430\u044f \u0441\u0442\u0440\u0430\u043d\u0438\u0446\u0430\",\"item\":\"https:\/\/22bet.cafe\/vietnam\/\"},{\"@type\":\"ListItem\",\"position\":2,\"name\":\"Trang ch\u1ee7\"}]},{\"@type\":\"WebSite\",\"@id\":\"https:\/\/22bet.cafe\/vietnam\/#website\",\"url\":\"https:\/\/22bet.cafe\/vietnam\/\",\"name\":\"22bet Team vi\",\"description\":\"My WordPress Blog\",\"potentialAction\":[{\"@type\":\"SearchAction\",\"target\":{\"@type\":\"EntryPoint\",\"urlTemplate\":\"https:\/\/22bet.cafe\/vietnam\/?s={search_term_string}\"},\"query-input\":{\"@type\":\"PropertyValueSpecification\",\"valueRequired\":true,\"valueName\":\"search_term_string\"}}],\"inLanguage\":\"vi\"}]}<\/script>\n<!-- \/ Yoast SEO plugin. -->","yoast_head_json":{"title":"C\u00e1 c\u01b0\u1ee3c th\u1ec3 thao v\u00e0 s\u00f2ng b\u1ea1c 22Bet | Trang web ch\u00ednh th\u1ee9c","description":"22Bet l\u00e0 \u0110i\u1ec3m \u0111\u1ebfn Cu\u1ed1i c\u00f9ng c\u1ee7a B\u1ea1n cho Tr\u00f2 ch\u01a1i Tr\u1ef1c tuy\u1ebfn v\u00e0 C\u00e1 c\u01b0\u1ee3c Th\u1ec3 thao! \u2714\ufe0f T\u1eadn h\u01b0\u1edfng tr\u00f2 ch\u01a1i an to\u00e0n v\u00e0 c\u00f4ng b\u1eb1ng v\u1edbi Ti\u1ec1n th\u01b0\u1edfng 22Bet","robots":{"index":"index","follow":"follow","max-snippet":"max-snippet:-1","max-image-preview":"max-image-preview:large","max-video-preview":"max-video-preview:-1"},"og_locale":"vi_VN","og_type":"article","og_title":"C\u00e1 c\u01b0\u1ee3c th\u1ec3 thao v\u00e0 s\u00f2ng b\u1ea1c 22Bet | Trang web ch\u00ednh th\u1ee9c","og_description":"22Bet l\u00e0 \u0110i\u1ec3m \u0111\u1ebfn Cu\u1ed1i c\u00f9ng c\u1ee7a B\u1ea1n cho Tr\u00f2 ch\u01a1i Tr\u1ef1c tuy\u1ebfn v\u00e0 C\u00e1 c\u01b0\u1ee3c Th\u1ec3 thao! \u2714\ufe0f T\u1eadn h\u01b0\u1edfng tr\u00f2 ch\u01a1i an to\u00e0n v\u00e0 c\u00f4ng b\u1eb1ng v\u1edbi Ti\u1ec1n th\u01b0\u1edfng 22Bet","og_url":"https:\/\/22bet.cafe\/vietnam\/","og_site_name":"22bet Team vi","article_modified_time":"2025-02-05T07:09:51+00:00","twitter_card":"summary_large_image","schema":{"@context":"https:\/\/schema.org","@graph":[{"@type":"WebPage","@id":"https:\/\/22bet.cafe\/vietnam\/","url":"https:\/\/22bet.cafe\/vietnam\/","name":"C\u00e1 c\u01b0\u1ee3c th\u1ec3 thao v\u00e0 s\u00f2ng b\u1ea1c 22Bet | Trang web ch\u00ednh th\u1ee9c","isPartOf":{"@id":"https:\/\/22bet.cafe\/vietnam\/#website"},"datePublished":"2023-05-18T17:18:34+00:00","dateModified":"2025-02-05T07:09:51+00:00","description":"22Bet l\u00e0 \u0110i\u1ec3m \u0111\u1ebfn Cu\u1ed1i c\u00f9ng c\u1ee7a B\u1ea1n cho Tr\u00f2 ch\u01a1i Tr\u1ef1c tuy\u1ebfn v\u00e0 C\u00e1 c\u01b0\u1ee3c Th\u1ec3 thao! \u2714\ufe0f T\u1eadn h\u01b0\u1edfng tr\u00f2 ch\u01a1i an to\u00e0n v\u00e0 c\u00f4ng b\u1eb1ng v\u1edbi Ti\u1ec1n th\u01b0\u1edfng 22Bet","breadcrumb":{"@id":"https:\/\/22bet.cafe\/vietnam\/#breadcrumb"},"inLanguage":"vi","potentialAction":[{"@type":"ReadAction","target":["https:\/\/22bet.cafe\/vietnam\/"]}]},{"@type":"BreadcrumbList","@id":"https:\/\/22bet.cafe\/vietnam\/#breadcrumb","itemListElement":[{"@type":"ListItem","position":1,"name":"\u0413\u043b\u0430\u0432\u043d\u0430\u044f \u0441\u0442\u0440\u0430\u043d\u0438\u0446\u0430","item":"https:\/\/22bet.cafe\/vietnam\/"},{"@type":"ListItem","position":2,"name":"Trang ch\u1ee7"}]},{"@type":"WebSite","@id":"https:\/\/22bet.cafe\/vietnam\/#website","url":"https:\/\/22bet.cafe\/vietnam\/","name":"22bet Team vi","description":"My WordPress Blog","potentialAction":[{"@type":"SearchAction","target":{"@type":"EntryPoint","urlTemplate":"https:\/\/22bet.cafe\/vietnam\/?s={search_term_string}"},"query-input":{"@type":"PropertyValueSpecification","valueRequired":true,"valueName":"search_term_string"}}],"inLanguage":"vi"}]}},"_links":{"self":[{"href":"https:\/\/22bet.cafe\/vietnam\/wp-json\/wp\/v2\/pages\/2","targetHints":{"allow":["GET"]}}],"collection":[{"href":"https:\/\/22bet.cafe\/vietnam\/wp-json\/wp\/v2\/pages"}],"about":[{"href":"https:\/\/22bet.cafe\/vietnam\/wp-json\/wp\/v2\/types\/page"}],"author":[{"embeddable":true,"href":"https:\/\/22bet.cafe\/vietnam\/wp-json\/wp\/v2\/users\/1"}],"replies":[{"embeddable":true,"href":"https:\/\/22bet.cafe\/vietnam\/wp-json\/wp\/v2\/comments?post=2"}],"version-history":[{"count":0,"href":"https:\/\/22bet.cafe\/vietnam\/wp-json\/wp\/v2\/pages\/2\/revisions"}],"wp:attachment":[{"href":"https:\/\/22bet.cafe\/vietnam\/wp-json\/wp\/v2\/media?parent=2"}],"curies":[{"name":"wp","href":"https:\/\/api.w.org\/{rel}","templated":true}]}}