{"id":745,"date":"2025-03-21T06:50:46","date_gmt":"2025-03-21T06:50:46","guid":{"rendered":"https:\/\/22bet.cafe\/turkey\/?page_id=745"},"modified":"2025-11-06T19:27:30","modified_gmt":"2025-11-06T19:27:30","slug":"sports-welcome-bonus","status":"publish","type":"page","link":"https:\/\/22bet.cafe\/turkey\/bonus\/sports-welcome-bonus\/","title":{"rendered":"Spor ho\u015f geldin bonusu"},"content":{"rendered":"","protected":false},"excerpt":{"rendered":"","protected":false},"author":1,"featured_media":0,"parent":152,"menu_order":0,"comment_status":"closed","ping_status":"closed","template":"","meta":{"_acf_changed":false,"inline_featured_image":false,"footnotes":""},"class_list":["post-745","page","type-page","status-publish","hentry"],"acf":[],"yoast_head":"<!-- This site is optimized with the Yoast SEO plugin v26.0 - https:\/\/yoast.com\/wordpress\/plugins\/seo\/ -->\n<title>5.500 TRY ho\u015f geldin bonusunu al\u0131n ve 22bet&#039;te bahis yapman\u0131n keyfini \u00e7\u0131kar\u0131n.<\/title>\n<meta name=\"description\" content=\"5.500 TRY ho\u015f geldin bonusunu kap ve 22bet&#039;te heyecan verici bahis d\u00fcnyas\u0131na dal! \u015eans\u0131n\u0131 dene, en iyi etkinlikleri se\u00e7 ve kazanma \u015fans\u0131n\u0131 art\u0131r! Bu f\u0131rsat\u0131 ka\u00e7\u0131rma - hemen harekete ge\u00e7!\" \/>\n<meta name=\"robots\" content=\"index, follow, max-snippet:-1, max-image-preview:large, max-video-preview:-1\" \/>\n<meta property=\"og:locale\" content=\"tr_TR\" \/>\n<meta property=\"og:type\" content=\"article\" \/>\n<meta property=\"og:title\" content=\"5.500 TRY ho\u015f geldin bonusunu al\u0131n ve 22bet&#039;te bahis yapman\u0131n keyfini \u00e7\u0131kar\u0131n.\" \/>\n<meta property=\"og:description\" content=\"5.500 TRY ho\u015f geldin bonusunu kap ve 22bet&#039;te heyecan verici bahis d\u00fcnyas\u0131na dal! \u015eans\u0131n\u0131 dene, en iyi etkinlikleri se\u00e7 ve kazanma \u015fans\u0131n\u0131 art\u0131r! Bu f\u0131rsat\u0131 ka\u00e7\u0131rma - hemen harekete ge\u00e7!\" \/>\n<meta property=\"og:url\" content=\"https:\/\/22bet.cafe\/turkey\/bonus\/sports-welcome-bonus\/\" \/>\n<meta property=\"og:site_name\" content=\"22bet Team TR\" \/>\n<meta property=\"article:modified_time\" content=\"2025-11-06T19:27:30+00:00\" \/>\n<meta name=\"twitter:card\" content=\"summary_large_image\" \/>\n<script type=\"application\/ld+json\" class=\"yoast-schema-graph\">{\"@context\":\"https:\/\/schema.org\",\"@graph\":[{\"@type\":\"WebPage\",\"@id\":\"https:\/\/22bet.cafe\/turkey\/bonus\/sports-welcome-bonus\/\",\"url\":\"https:\/\/22bet.cafe\/turkey\/bonus\/sports-welcome-bonus\/\",\"name\":\"5.500 TRY ho\u015f geldin bonusunu al\u0131n ve 22bet'te bahis yapman\u0131n keyfini \u00e7\u0131kar\u0131n.\",\"isPartOf\":{\"@id\":\"https:\/\/22bet.cafe\/turkey\/#website\"},\"datePublished\":\"2025-03-21T06:50:46+00:00\",\"dateModified\":\"2025-11-06T19:27:30+00:00\",\"description\":\"5.500 TRY ho\u015f geldin bonusunu kap ve 22bet'te heyecan verici bahis d\u00fcnyas\u0131na dal! \u015eans\u0131n\u0131 dene, en iyi etkinlikleri se\u00e7 ve kazanma \u015fans\u0131n\u0131 art\u0131r! Bu f\u0131rsat\u0131 ka\u00e7\u0131rma - hemen harekete ge\u00e7!\",\"breadcrumb\":{\"@id\":\"https:\/\/22bet.cafe\/turkey\/bonus\/sports-welcome-bonus\/#breadcrumb\"},\"inLanguage\":\"tr\",\"potentialAction\":[{\"@type\":\"ReadAction\",\"target\":[\"https:\/\/22bet.cafe\/turkey\/bonus\/sports-welcome-bonus\/\"]}]},{\"@type\":\"BreadcrumbList\",\"@id\":\"https:\/\/22bet.cafe\/turkey\/bonus\/sports-welcome-bonus\/#breadcrumb\",\"itemListElement\":[{\"@type\":\"ListItem\",\"position\":1,\"name\":\"\u0413\u043b\u0430\u0432\u043d\u0430\u044f \u0441\u0442\u0440\u0430\u043d\u0438\u0446\u0430\",\"item\":\"https:\/\/22bet.cafe\/turkey\/\"},{\"@type\":\"ListItem\",\"position\":2,\"name\":\"Bonus\",\"item\":\"https:\/\/22bet.cafe\/turkey\/bonus\/\"},{\"@type\":\"ListItem\",\"position\":3,\"name\":\"Spor ho\u015f geldin bonusu\"}]},{\"@type\":\"WebSite\",\"@id\":\"https:\/\/22bet.cafe\/turkey\/#website\",\"url\":\"https:\/\/22bet.cafe\/turkey\/\",\"name\":\"22bet Team TR\",\"description\":\"My WordPress Blog\",\"potentialAction\":[{\"@type\":\"SearchAction\",\"target\":{\"@type\":\"EntryPoint\",\"urlTemplate\":\"https:\/\/22bet.cafe\/turkey\/?s={search_term_string}\"},\"query-input\":{\"@type\":\"PropertyValueSpecification\",\"valueRequired\":true,\"valueName\":\"search_term_string\"}}],\"inLanguage\":\"tr\"}]}<\/script>\n<!-- \/ Yoast SEO plugin. -->","yoast_head_json":{"title":"5.500 TRY ho\u015f geldin bonusunu al\u0131n ve 22bet'te bahis yapman\u0131n keyfini \u00e7\u0131kar\u0131n.","description":"5.500 TRY ho\u015f geldin bonusunu kap ve 22bet'te heyecan verici bahis d\u00fcnyas\u0131na dal! \u015eans\u0131n\u0131 dene, en iyi etkinlikleri se\u00e7 ve kazanma \u015fans\u0131n\u0131 art\u0131r! Bu f\u0131rsat\u0131 ka\u00e7\u0131rma - hemen harekete ge\u00e7!","robots":{"index":"index","follow":"follow","max-snippet":"max-snippet:-1","max-image-preview":"max-image-preview:large","max-video-preview":"max-video-preview:-1"},"og_locale":"tr_TR","og_type":"article","og_title":"5.500 TRY ho\u015f geldin bonusunu al\u0131n ve 22bet'te bahis yapman\u0131n keyfini \u00e7\u0131kar\u0131n.","og_description":"5.500 TRY ho\u015f geldin bonusunu kap ve 22bet'te heyecan verici bahis d\u00fcnyas\u0131na dal! \u015eans\u0131n\u0131 dene, en iyi etkinlikleri se\u00e7 ve kazanma \u015fans\u0131n\u0131 art\u0131r! Bu f\u0131rsat\u0131 ka\u00e7\u0131rma - hemen harekete ge\u00e7!","og_url":"https:\/\/22bet.cafe\/turkey\/bonus\/sports-welcome-bonus\/","og_site_name":"22bet Team TR","article_modified_time":"2025-11-06T19:27:30+00:00","twitter_card":"summary_large_image","schema":{"@context":"https:\/\/schema.org","@graph":[{"@type":"WebPage","@id":"https:\/\/22bet.cafe\/turkey\/bonus\/sports-welcome-bonus\/","url":"https:\/\/22bet.cafe\/turkey\/bonus\/sports-welcome-bonus\/","name":"5.500 TRY ho\u015f geldin bonusunu al\u0131n ve 22bet'te bahis yapman\u0131n keyfini \u00e7\u0131kar\u0131n.","isPartOf":{"@id":"https:\/\/22bet.cafe\/turkey\/#website"},"datePublished":"2025-03-21T06:50:46+00:00","dateModified":"2025-11-06T19:27:30+00:00","description":"5.500 TRY ho\u015f geldin bonusunu kap ve 22bet'te heyecan verici bahis d\u00fcnyas\u0131na dal! \u015eans\u0131n\u0131 dene, en iyi etkinlikleri se\u00e7 ve kazanma \u015fans\u0131n\u0131 art\u0131r! Bu f\u0131rsat\u0131 ka\u00e7\u0131rma - hemen harekete ge\u00e7!","breadcrumb":{"@id":"https:\/\/22bet.cafe\/turkey\/bonus\/sports-welcome-bonus\/#breadcrumb"},"inLanguage":"tr","potentialAction":[{"@type":"ReadAction","target":["https:\/\/22bet.cafe\/turkey\/bonus\/sports-welcome-bonus\/"]}]},{"@type":"BreadcrumbList","@id":"https:\/\/22bet.cafe\/turkey\/bonus\/sports-welcome-bonus\/#breadcrumb","itemListElement":[{"@type":"ListItem","position":1,"name":"\u0413\u043b\u0430\u0432\u043d\u0430\u044f \u0441\u0442\u0440\u0430\u043d\u0438\u0446\u0430","item":"https:\/\/22bet.cafe\/turkey\/"},{"@type":"ListItem","position":2,"name":"Bonus","item":"https:\/\/22bet.cafe\/turkey\/bonus\/"},{"@type":"ListItem","position":3,"name":"Spor ho\u015f geldin bonusu"}]},{"@type":"WebSite","@id":"https:\/\/22bet.cafe\/turkey\/#website","url":"https:\/\/22bet.cafe\/turkey\/","name":"22bet Team TR","description":"My WordPress Blog","potentialAction":[{"@type":"SearchAction","target":{"@type":"EntryPoint","urlTemplate":"https:\/\/22bet.cafe\/turkey\/?s={search_term_string}"},"query-input":{"@type":"PropertyValueSpecification","valueRequired":true,"valueName":"search_term_string"}}],"inLanguage":"tr"}]}},"_links":{"self":[{"href":"https:\/\/22bet.cafe\/turkey\/wp-json\/wp\/v2\/pages\/745","targetHints":{"allow":["GET"]}}],"collection":[{"href":"https:\/\/22bet.cafe\/turkey\/wp-json\/wp\/v2\/pages"}],"about":[{"href":"https:\/\/22bet.cafe\/turkey\/wp-json\/wp\/v2\/types\/page"}],"author":[{"embeddable":true,"href":"https:\/\/22bet.cafe\/turkey\/wp-json\/wp\/v2\/users\/1"}],"replies":[{"embeddable":true,"href":"https:\/\/22bet.cafe\/turkey\/wp-json\/wp\/v2\/comments?post=745"}],"version-history":[{"count":3,"href":"https:\/\/22bet.cafe\/turkey\/wp-json\/wp\/v2\/pages\/745\/revisions"}],"predecessor-version":[{"id":1162,"href":"https:\/\/22bet.cafe\/turkey\/wp-json\/wp\/v2\/pages\/745\/revisions\/1162"}],"up":[{"embeddable":true,"href":"https:\/\/22bet.cafe\/turkey\/wp-json\/wp\/v2\/pages\/152"}],"wp:attachment":[{"href":"https:\/\/22bet.cafe\/turkey\/wp-json\/wp\/v2\/media?parent=745"}],"curies":[{"name":"wp","href":"https:\/\/api.w.org\/{rel}","templated":true}]}}