{"id":858,"date":"2025-03-16T06:17:38","date_gmt":"2025-03-16T06:17:38","guid":{"rendered":"https:\/\/22bet.cafe\/?page_id=858"},"modified":"2025-09-04T07:12:25","modified_gmt":"2025-09-04T07:12:25","slug":"sunday-bonus","status":"publish","type":"page","link":"https:\/\/22bet.cafe\/sweden\/bonus\/sunday-bonus\/","title":{"rendered":"S\u00f6ndagsbonus"},"content":{"rendered":"","protected":false},"excerpt":{"rendered":"","protected":false},"author":1,"featured_media":0,"parent":152,"menu_order":0,"comment_status":"closed","ping_status":"closed","template":"","meta":{"_acf_changed":false,"inline_featured_image":false,"footnotes":""},"class_list":["post-858","page","type-page","status-publish","hentry"],"acf":[],"yoast_head":"<!-- This site is optimized with the Yoast SEO plugin v26.0 - https:\/\/yoast.com\/wordpress\/plugins\/seo\/ -->\n<title>22Bet Mega Bonus p\u00e5 s\u00f6ndagar \u1409 F\u00e5 66 % och 50 gratissnurr!<\/title>\n<meta name=\"description\" content=\"Missa inte detta! Varje s\u00f6ndag ger 22Bet dig 66 % p\u00e5 din f\u00f6rsta ins\u00e4ttning och 50 gratissnurr p\u00e5 Golden Mine! S\u00e4tt in 200 SEK eller mer och h\u00e4mta dina bel\u00f6ningar!\" \/>\n<meta name=\"robots\" content=\"index, follow, max-snippet:-1, max-image-preview:large, max-video-preview:-1\" \/>\n<meta property=\"og:locale\" content=\"sv_SE\" \/>\n<meta property=\"og:type\" content=\"article\" \/>\n<meta property=\"og:title\" content=\"22Bet Mega Bonus p\u00e5 s\u00f6ndagar \u1409 F\u00e5 66 % och 50 gratissnurr!\" \/>\n<meta property=\"og:description\" content=\"Missa inte detta! Varje s\u00f6ndag ger 22Bet dig 66 % p\u00e5 din f\u00f6rsta ins\u00e4ttning och 50 gratissnurr p\u00e5 Golden Mine! S\u00e4tt in 200 SEK eller mer och h\u00e4mta dina bel\u00f6ningar!\" \/>\n<meta property=\"og:url\" content=\"https:\/\/22bet.cafe\/sweden\/bonus\/sunday-bonus\/\" \/>\n<meta property=\"og:site_name\" content=\"22bet Team sv\" \/>\n<meta property=\"article:modified_time\" content=\"2025-09-04T07:12:25+00:00\" \/>\n<meta name=\"twitter:card\" content=\"summary_large_image\" \/>\n<script type=\"application\/ld+json\" class=\"yoast-schema-graph\">{\"@context\":\"https:\/\/schema.org\",\"@graph\":[{\"@type\":\"WebPage\",\"@id\":\"https:\/\/22bet.cafe\/sweden\/bonus\/sunday-bonus\/\",\"url\":\"https:\/\/22bet.cafe\/sweden\/bonus\/sunday-bonus\/\",\"name\":\"22Bet Mega Bonus p\u00e5 s\u00f6ndagar \u1409 F\u00e5 66 % och 50 gratissnurr!\",\"isPartOf\":{\"@id\":\"https:\/\/22bet.cafe\/sweden\/#website\"},\"datePublished\":\"2025-03-16T06:17:38+00:00\",\"dateModified\":\"2025-09-04T07:12:25+00:00\",\"description\":\"Missa inte detta! Varje s\u00f6ndag ger 22Bet dig 66 % p\u00e5 din f\u00f6rsta ins\u00e4ttning och 50 gratissnurr p\u00e5 Golden Mine! S\u00e4tt in 200 SEK eller mer och h\u00e4mta dina bel\u00f6ningar!\",\"breadcrumb\":{\"@id\":\"https:\/\/22bet.cafe\/sweden\/bonus\/sunday-bonus\/#breadcrumb\"},\"inLanguage\":\"sv-SE\",\"potentialAction\":[{\"@type\":\"ReadAction\",\"target\":[\"https:\/\/22bet.cafe\/sweden\/bonus\/sunday-bonus\/\"]}]},{\"@type\":\"BreadcrumbList\",\"@id\":\"https:\/\/22bet.cafe\/sweden\/bonus\/sunday-bonus\/#breadcrumb\",\"itemListElement\":[{\"@type\":\"ListItem\",\"position\":1,\"name\":\"\u0413\u043b\u0430\u0432\u043d\u0430\u044f \u0441\u0442\u0440\u0430\u043d\u0438\u0446\u0430\",\"item\":\"https:\/\/22bet.cafe\/sweden\/\"},{\"@type\":\"ListItem\",\"position\":2,\"name\":\"Bonus\",\"item\":\"https:\/\/22bet.cafe\/sweden\/bonus\/\"},{\"@type\":\"ListItem\",\"position\":3,\"name\":\"S\u00f6ndagsbonus\"}]},{\"@type\":\"WebSite\",\"@id\":\"https:\/\/22bet.cafe\/sweden\/#website\",\"url\":\"https:\/\/22bet.cafe\/sweden\/\",\"name\":\"22bet Team sv\",\"description\":\"My WordPress Blog\",\"potentialAction\":[{\"@type\":\"SearchAction\",\"target\":{\"@type\":\"EntryPoint\",\"urlTemplate\":\"https:\/\/22bet.cafe\/sweden\/?s={search_term_string}\"},\"query-input\":{\"@type\":\"PropertyValueSpecification\",\"valueRequired\":true,\"valueName\":\"search_term_string\"}}],\"inLanguage\":\"sv-SE\"}]}<\/script>\n<!-- \/ Yoast SEO plugin. -->","yoast_head_json":{"title":"22Bet Mega Bonus p\u00e5 s\u00f6ndagar \u1409 F\u00e5 66 % och 50 gratissnurr!","description":"Missa inte detta! Varje s\u00f6ndag ger 22Bet dig 66 % p\u00e5 din f\u00f6rsta ins\u00e4ttning och 50 gratissnurr p\u00e5 Golden Mine! S\u00e4tt in 200 SEK eller mer och h\u00e4mta dina bel\u00f6ningar!","robots":{"index":"index","follow":"follow","max-snippet":"max-snippet:-1","max-image-preview":"max-image-preview:large","max-video-preview":"max-video-preview:-1"},"og_locale":"sv_SE","og_type":"article","og_title":"22Bet Mega Bonus p\u00e5 s\u00f6ndagar \u1409 F\u00e5 66 % och 50 gratissnurr!","og_description":"Missa inte detta! Varje s\u00f6ndag ger 22Bet dig 66 % p\u00e5 din f\u00f6rsta ins\u00e4ttning och 50 gratissnurr p\u00e5 Golden Mine! S\u00e4tt in 200 SEK eller mer och h\u00e4mta dina bel\u00f6ningar!","og_url":"https:\/\/22bet.cafe\/sweden\/bonus\/sunday-bonus\/","og_site_name":"22bet Team sv","article_modified_time":"2025-09-04T07:12:25+00:00","twitter_card":"summary_large_image","schema":{"@context":"https:\/\/schema.org","@graph":[{"@type":"WebPage","@id":"https:\/\/22bet.cafe\/sweden\/bonus\/sunday-bonus\/","url":"https:\/\/22bet.cafe\/sweden\/bonus\/sunday-bonus\/","name":"22Bet Mega Bonus p\u00e5 s\u00f6ndagar \u1409 F\u00e5 66 % och 50 gratissnurr!","isPartOf":{"@id":"https:\/\/22bet.cafe\/sweden\/#website"},"datePublished":"2025-03-16T06:17:38+00:00","dateModified":"2025-09-04T07:12:25+00:00","description":"Missa inte detta! Varje s\u00f6ndag ger 22Bet dig 66 % p\u00e5 din f\u00f6rsta ins\u00e4ttning och 50 gratissnurr p\u00e5 Golden Mine! S\u00e4tt in 200 SEK eller mer och h\u00e4mta dina bel\u00f6ningar!","breadcrumb":{"@id":"https:\/\/22bet.cafe\/sweden\/bonus\/sunday-bonus\/#breadcrumb"},"inLanguage":"sv-SE","potentialAction":[{"@type":"ReadAction","target":["https:\/\/22bet.cafe\/sweden\/bonus\/sunday-bonus\/"]}]},{"@type":"BreadcrumbList","@id":"https:\/\/22bet.cafe\/sweden\/bonus\/sunday-bonus\/#breadcrumb","itemListElement":[{"@type":"ListItem","position":1,"name":"\u0413\u043b\u0430\u0432\u043d\u0430\u044f \u0441\u0442\u0440\u0430\u043d\u0438\u0446\u0430","item":"https:\/\/22bet.cafe\/sweden\/"},{"@type":"ListItem","position":2,"name":"Bonus","item":"https:\/\/22bet.cafe\/sweden\/bonus\/"},{"@type":"ListItem","position":3,"name":"S\u00f6ndagsbonus"}]},{"@type":"WebSite","@id":"https:\/\/22bet.cafe\/sweden\/#website","url":"https:\/\/22bet.cafe\/sweden\/","name":"22bet Team sv","description":"My WordPress Blog","potentialAction":[{"@type":"SearchAction","target":{"@type":"EntryPoint","urlTemplate":"https:\/\/22bet.cafe\/sweden\/?s={search_term_string}"},"query-input":{"@type":"PropertyValueSpecification","valueRequired":true,"valueName":"search_term_string"}}],"inLanguage":"sv-SE"}]}},"_links":{"self":[{"href":"https:\/\/22bet.cafe\/sweden\/wp-json\/wp\/v2\/pages\/858","targetHints":{"allow":["GET"]}}],"collection":[{"href":"https:\/\/22bet.cafe\/sweden\/wp-json\/wp\/v2\/pages"}],"about":[{"href":"https:\/\/22bet.cafe\/sweden\/wp-json\/wp\/v2\/types\/page"}],"author":[{"embeddable":true,"href":"https:\/\/22bet.cafe\/sweden\/wp-json\/wp\/v2\/users\/1"}],"replies":[{"embeddable":true,"href":"https:\/\/22bet.cafe\/sweden\/wp-json\/wp\/v2\/comments?post=858"}],"version-history":[{"count":2,"href":"https:\/\/22bet.cafe\/sweden\/wp-json\/wp\/v2\/pages\/858\/revisions"}],"predecessor-version":[{"id":1001,"href":"https:\/\/22bet.cafe\/sweden\/wp-json\/wp\/v2\/pages\/858\/revisions\/1001"}],"up":[{"embeddable":true,"href":"https:\/\/22bet.cafe\/sweden\/wp-json\/wp\/v2\/pages\/152"}],"wp:attachment":[{"href":"https:\/\/22bet.cafe\/sweden\/wp-json\/wp\/v2\/media?parent=858"}],"curies":[{"name":"wp","href":"https:\/\/api.w.org\/{rel}","templated":true}]}}