{"id":755,"date":"2025-03-21T07:46:08","date_gmt":"2025-03-21T07:46:08","guid":{"rendered":"https:\/\/22bet.cafe\/?page_id=753"},"modified":"2025-09-04T06:55:46","modified_gmt":"2025-09-04T06:55:46","slug":"wednesday-cash-splash","status":"publish","type":"page","link":"https:\/\/22bet.cafe\/sweden\/bonus\/wednesday-cash-splash\/","title":{"rendered":"Onsdag Cash Splash"},"content":{"rendered":"","protected":false},"excerpt":{"rendered":"","protected":false},"author":1,"featured_media":0,"parent":152,"menu_order":0,"comment_status":"closed","ping_status":"closed","template":"","meta":{"_acf_changed":false,"inline_featured_image":false,"footnotes":""},"class_list":["post-755","page","type-page","status-publish","hentry"],"acf":[],"yoast_head":"<!-- This site is optimized with the Yoast SEO plugin v26.0 - https:\/\/yoast.com\/wordpress\/plugins\/seo\/ -->\n<title>Onsdagens Cash Splash: 50 % bonus upp till 2 200 SEK p\u00e5 slots<\/title>\n<meta name=\"description\" content=\"T\u00e4nd gnistan med Wednesday Cash Splash! F\u00e5 50 % bonus upp till 2 200 SEK p\u00e5 dina favoritslots p\u00e5 casinot. Missa inte chansen att maximera dina vinster och boosta ditt spel \u2013 agera nu och h\u00e4mta din bonus!\" \/>\n<meta name=\"robots\" content=\"index, follow, max-snippet:-1, max-image-preview:large, max-video-preview:-1\" \/>\n<meta property=\"og:locale\" content=\"sv_SE\" \/>\n<meta property=\"og:type\" content=\"article\" \/>\n<meta property=\"og:title\" content=\"Onsdagens Cash Splash: 50 % bonus upp till 2 200 SEK p\u00e5 slots\" \/>\n<meta property=\"og:description\" content=\"T\u00e4nd gnistan med Wednesday Cash Splash! F\u00e5 50 % bonus upp till 2 200 SEK p\u00e5 dina favoritslots p\u00e5 casinot. Missa inte chansen att maximera dina vinster och boosta ditt spel \u2013 agera nu och h\u00e4mta din bonus!\" \/>\n<meta property=\"og:url\" content=\"https:\/\/22bet.cafe\/sweden\/bonus\/wednesday-cash-splash\/\" \/>\n<meta property=\"og:site_name\" content=\"22bet Team sv\" \/>\n<meta property=\"article:modified_time\" content=\"2025-09-04T06:55:46+00:00\" \/>\n<meta name=\"twitter:card\" content=\"summary_large_image\" \/>\n<script type=\"application\/ld+json\" class=\"yoast-schema-graph\">{\"@context\":\"https:\/\/schema.org\",\"@graph\":[{\"@type\":\"WebPage\",\"@id\":\"https:\/\/22bet.cafe\/sweden\/bonus\/wednesday-cash-splash\/\",\"url\":\"https:\/\/22bet.cafe\/sweden\/bonus\/wednesday-cash-splash\/\",\"name\":\"Onsdagens Cash Splash: 50 % bonus upp till 2 200 SEK p\u00e5 slots\",\"isPartOf\":{\"@id\":\"https:\/\/22bet.cafe\/sweden\/#website\"},\"datePublished\":\"2025-03-21T07:46:08+00:00\",\"dateModified\":\"2025-09-04T06:55:46+00:00\",\"description\":\"T\u00e4nd gnistan med Wednesday Cash Splash! F\u00e5 50 % bonus upp till 2 200 SEK p\u00e5 dina favoritslots p\u00e5 casinot. Missa inte chansen att maximera dina vinster och boosta ditt spel \u2013 agera nu och h\u00e4mta din bonus!\",\"breadcrumb\":{\"@id\":\"https:\/\/22bet.cafe\/sweden\/bonus\/wednesday-cash-splash\/#breadcrumb\"},\"inLanguage\":\"sv-SE\",\"potentialAction\":[{\"@type\":\"ReadAction\",\"target\":[\"https:\/\/22bet.cafe\/sweden\/bonus\/wednesday-cash-splash\/\"]}]},{\"@type\":\"BreadcrumbList\",\"@id\":\"https:\/\/22bet.cafe\/sweden\/bonus\/wednesday-cash-splash\/#breadcrumb\",\"itemListElement\":[{\"@type\":\"ListItem\",\"position\":1,\"name\":\"\u0413\u043b\u0430\u0432\u043d\u0430\u044f \u0441\u0442\u0440\u0430\u043d\u0438\u0446\u0430\",\"item\":\"https:\/\/22bet.cafe\/sweden\/\"},{\"@type\":\"ListItem\",\"position\":2,\"name\":\"Bonus\",\"item\":\"https:\/\/22bet.cafe\/sweden\/bonus\/\"},{\"@type\":\"ListItem\",\"position\":3,\"name\":\"Onsdag Cash Splash\"}]},{\"@type\":\"WebSite\",\"@id\":\"https:\/\/22bet.cafe\/sweden\/#website\",\"url\":\"https:\/\/22bet.cafe\/sweden\/\",\"name\":\"22bet Team sv\",\"description\":\"My WordPress Blog\",\"potentialAction\":[{\"@type\":\"SearchAction\",\"target\":{\"@type\":\"EntryPoint\",\"urlTemplate\":\"https:\/\/22bet.cafe\/sweden\/?s={search_term_string}\"},\"query-input\":{\"@type\":\"PropertyValueSpecification\",\"valueRequired\":true,\"valueName\":\"search_term_string\"}}],\"inLanguage\":\"sv-SE\"}]}<\/script>\n<!-- \/ Yoast SEO plugin. -->","yoast_head_json":{"title":"Onsdagens Cash Splash: 50 % bonus upp till 2 200 SEK p\u00e5 slots","description":"T\u00e4nd gnistan med Wednesday Cash Splash! F\u00e5 50 % bonus upp till 2 200 SEK p\u00e5 dina favoritslots p\u00e5 casinot. Missa inte chansen att maximera dina vinster och boosta ditt spel \u2013 agera nu och h\u00e4mta din bonus!","robots":{"index":"index","follow":"follow","max-snippet":"max-snippet:-1","max-image-preview":"max-image-preview:large","max-video-preview":"max-video-preview:-1"},"og_locale":"sv_SE","og_type":"article","og_title":"Onsdagens Cash Splash: 50 % bonus upp till 2 200 SEK p\u00e5 slots","og_description":"T\u00e4nd gnistan med Wednesday Cash Splash! F\u00e5 50 % bonus upp till 2 200 SEK p\u00e5 dina favoritslots p\u00e5 casinot. Missa inte chansen att maximera dina vinster och boosta ditt spel \u2013 agera nu och h\u00e4mta din bonus!","og_url":"https:\/\/22bet.cafe\/sweden\/bonus\/wednesday-cash-splash\/","og_site_name":"22bet Team sv","article_modified_time":"2025-09-04T06:55:46+00:00","twitter_card":"summary_large_image","schema":{"@context":"https:\/\/schema.org","@graph":[{"@type":"WebPage","@id":"https:\/\/22bet.cafe\/sweden\/bonus\/wednesday-cash-splash\/","url":"https:\/\/22bet.cafe\/sweden\/bonus\/wednesday-cash-splash\/","name":"Onsdagens Cash Splash: 50 % bonus upp till 2 200 SEK p\u00e5 slots","isPartOf":{"@id":"https:\/\/22bet.cafe\/sweden\/#website"},"datePublished":"2025-03-21T07:46:08+00:00","dateModified":"2025-09-04T06:55:46+00:00","description":"T\u00e4nd gnistan med Wednesday Cash Splash! F\u00e5 50 % bonus upp till 2 200 SEK p\u00e5 dina favoritslots p\u00e5 casinot. Missa inte chansen att maximera dina vinster och boosta ditt spel \u2013 agera nu och h\u00e4mta din bonus!","breadcrumb":{"@id":"https:\/\/22bet.cafe\/sweden\/bonus\/wednesday-cash-splash\/#breadcrumb"},"inLanguage":"sv-SE","potentialAction":[{"@type":"ReadAction","target":["https:\/\/22bet.cafe\/sweden\/bonus\/wednesday-cash-splash\/"]}]},{"@type":"BreadcrumbList","@id":"https:\/\/22bet.cafe\/sweden\/bonus\/wednesday-cash-splash\/#breadcrumb","itemListElement":[{"@type":"ListItem","position":1,"name":"\u0413\u043b\u0430\u0432\u043d\u0430\u044f \u0441\u0442\u0440\u0430\u043d\u0438\u0446\u0430","item":"https:\/\/22bet.cafe\/sweden\/"},{"@type":"ListItem","position":2,"name":"Bonus","item":"https:\/\/22bet.cafe\/sweden\/bonus\/"},{"@type":"ListItem","position":3,"name":"Onsdag Cash Splash"}]},{"@type":"WebSite","@id":"https:\/\/22bet.cafe\/sweden\/#website","url":"https:\/\/22bet.cafe\/sweden\/","name":"22bet Team sv","description":"My WordPress Blog","potentialAction":[{"@type":"SearchAction","target":{"@type":"EntryPoint","urlTemplate":"https:\/\/22bet.cafe\/sweden\/?s={search_term_string}"},"query-input":{"@type":"PropertyValueSpecification","valueRequired":true,"valueName":"search_term_string"}}],"inLanguage":"sv-SE"}]}},"_links":{"self":[{"href":"https:\/\/22bet.cafe\/sweden\/wp-json\/wp\/v2\/pages\/755","targetHints":{"allow":["GET"]}}],"collection":[{"href":"https:\/\/22bet.cafe\/sweden\/wp-json\/wp\/v2\/pages"}],"about":[{"href":"https:\/\/22bet.cafe\/sweden\/wp-json\/wp\/v2\/types\/page"}],"author":[{"embeddable":true,"href":"https:\/\/22bet.cafe\/sweden\/wp-json\/wp\/v2\/users\/1"}],"replies":[{"embeddable":true,"href":"https:\/\/22bet.cafe\/sweden\/wp-json\/wp\/v2\/comments?post=755"}],"version-history":[{"count":2,"href":"https:\/\/22bet.cafe\/sweden\/wp-json\/wp\/v2\/pages\/755\/revisions"}],"predecessor-version":[{"id":995,"href":"https:\/\/22bet.cafe\/sweden\/wp-json\/wp\/v2\/pages\/755\/revisions\/995"}],"up":[{"embeddable":true,"href":"https:\/\/22bet.cafe\/sweden\/wp-json\/wp\/v2\/pages\/152"}],"wp:attachment":[{"href":"https:\/\/22bet.cafe\/sweden\/wp-json\/wp\/v2\/media?parent=755"}],"curies":[{"name":"wp","href":"https:\/\/api.w.org\/{rel}","templated":true}]}}