{"id":753,"date":"2025-03-21T07:46:08","date_gmt":"2025-03-21T07:46:08","guid":{"rendered":"https:\/\/22bet.cafe\/?page_id=753"},"modified":"2025-09-04T08:10:40","modified_gmt":"2025-09-04T08:10:40","slug":"wednesday-cash-splash","status":"publish","type":"page","link":"https:\/\/22bet.cafe\/slovakia\/bonus\/wednesday-cash-splash\/","title":{"rendered":"Streda Cash Splash"},"content":{"rendered":"","protected":false},"excerpt":{"rendered":"","protected":false},"author":1,"featured_media":0,"parent":152,"menu_order":0,"comment_status":"closed","ping_status":"closed","template":"","meta":{"_acf_changed":false,"inline_featured_image":false,"footnotes":""},"class_list":["post-753","page","type-page","status-publish","hentry"],"acf":[],"yoast_head":"<!-- This site is optimized with the Yoast SEO plugin v26.0 - https:\/\/yoast.com\/wordpress\/plugins\/seo\/ -->\n<title>Stredaj\u0161\u00ed Cash Splash: 50 % bonus a\u017e do v\u00fd\u0161ky 220 \u20ac<\/title>\n<meta name=\"description\" content=\"Rozp\u00e1\u013ete vzru\u0161enie so stredaj\u0161\u00edm Cash Splash! Z\u00edskajte 50 % bonus a\u017e do v\u00fd\u0161ky 220 \u20ac na svoje ob\u013e\u00faben\u00e9 automaty v kas\u00edne. Nenechajte si ujs\u0165 \u0161ancu maximalizova\u0165 svoje v\u00fdhry a vylep\u0161i\u0165 svoju hru \u2013 konajte teraz a z\u00edskajte svoj bonus!\" \/>\n<meta name=\"robots\" content=\"index, follow, max-snippet:-1, max-image-preview:large, max-video-preview:-1\" \/>\n<meta property=\"og:locale\" content=\"sk_SK\" \/>\n<meta property=\"og:type\" content=\"article\" \/>\n<meta property=\"og:title\" content=\"Stredaj\u0161\u00ed Cash Splash: 50 % bonus a\u017e do v\u00fd\u0161ky 220 \u20ac\" \/>\n<meta property=\"og:description\" content=\"Rozp\u00e1\u013ete vzru\u0161enie so stredaj\u0161\u00edm Cash Splash! Z\u00edskajte 50 % bonus a\u017e do v\u00fd\u0161ky 220 \u20ac na svoje ob\u013e\u00faben\u00e9 automaty v kas\u00edne. Nenechajte si ujs\u0165 \u0161ancu maximalizova\u0165 svoje v\u00fdhry a vylep\u0161i\u0165 svoju hru \u2013 konajte teraz a z\u00edskajte svoj bonus!\" \/>\n<meta property=\"og:url\" content=\"https:\/\/22bet.cafe\/slovakia\/bonus\/wednesday-cash-splash\/\" \/>\n<meta property=\"og:site_name\" content=\"22bet Team sk\" \/>\n<meta property=\"article:modified_time\" content=\"2025-09-04T08:10:40+00:00\" \/>\n<meta name=\"twitter:card\" content=\"summary_large_image\" \/>\n<script type=\"application\/ld+json\" class=\"yoast-schema-graph\">{\"@context\":\"https:\/\/schema.org\",\"@graph\":[{\"@type\":\"WebPage\",\"@id\":\"https:\/\/22bet.cafe\/slovakia\/bonus\/wednesday-cash-splash\/\",\"url\":\"https:\/\/22bet.cafe\/slovakia\/bonus\/wednesday-cash-splash\/\",\"name\":\"Stredaj\u0161\u00ed Cash Splash: 50 % bonus a\u017e do v\u00fd\u0161ky 220 \u20ac\",\"isPartOf\":{\"@id\":\"https:\/\/22bet.cafe\/slovakia\/#website\"},\"datePublished\":\"2025-03-21T07:46:08+00:00\",\"dateModified\":\"2025-09-04T08:10:40+00:00\",\"description\":\"Rozp\u00e1\u013ete vzru\u0161enie so stredaj\u0161\u00edm Cash Splash! Z\u00edskajte 50 % bonus a\u017e do v\u00fd\u0161ky 220 \u20ac na svoje ob\u013e\u00faben\u00e9 automaty v kas\u00edne. Nenechajte si ujs\u0165 \u0161ancu maximalizova\u0165 svoje v\u00fdhry a vylep\u0161i\u0165 svoju hru \u2013 konajte teraz a z\u00edskajte svoj bonus!\",\"breadcrumb\":{\"@id\":\"https:\/\/22bet.cafe\/slovakia\/bonus\/wednesday-cash-splash\/#breadcrumb\"},\"inLanguage\":\"sk-SK\",\"potentialAction\":[{\"@type\":\"ReadAction\",\"target\":[\"https:\/\/22bet.cafe\/slovakia\/bonus\/wednesday-cash-splash\/\"]}]},{\"@type\":\"BreadcrumbList\",\"@id\":\"https:\/\/22bet.cafe\/slovakia\/bonus\/wednesday-cash-splash\/#breadcrumb\",\"itemListElement\":[{\"@type\":\"ListItem\",\"position\":1,\"name\":\"\u0413\u043b\u0430\u0432\u043d\u0430\u044f \u0441\u0442\u0440\u0430\u043d\u0438\u0446\u0430\",\"item\":\"https:\/\/22bet.cafe\/slovakia\/\"},{\"@type\":\"ListItem\",\"position\":2,\"name\":\"Bonus\",\"item\":\"https:\/\/22bet.cafe\/slovakia\/bonus\/\"},{\"@type\":\"ListItem\",\"position\":3,\"name\":\"Streda Cash Splash\"}]},{\"@type\":\"WebSite\",\"@id\":\"https:\/\/22bet.cafe\/slovakia\/#website\",\"url\":\"https:\/\/22bet.cafe\/slovakia\/\",\"name\":\"22bet Team sk\",\"description\":\"My WordPress Blog\",\"potentialAction\":[{\"@type\":\"SearchAction\",\"target\":{\"@type\":\"EntryPoint\",\"urlTemplate\":\"https:\/\/22bet.cafe\/slovakia\/?s={search_term_string}\"},\"query-input\":{\"@type\":\"PropertyValueSpecification\",\"valueRequired\":true,\"valueName\":\"search_term_string\"}}],\"inLanguage\":\"sk-SK\"}]}<\/script>\n<!-- \/ Yoast SEO plugin. -->","yoast_head_json":{"title":"Stredaj\u0161\u00ed Cash Splash: 50 % bonus a\u017e do v\u00fd\u0161ky 220 \u20ac","description":"Rozp\u00e1\u013ete vzru\u0161enie so stredaj\u0161\u00edm Cash Splash! Z\u00edskajte 50 % bonus a\u017e do v\u00fd\u0161ky 220 \u20ac na svoje ob\u013e\u00faben\u00e9 automaty v kas\u00edne. Nenechajte si ujs\u0165 \u0161ancu maximalizova\u0165 svoje v\u00fdhry a vylep\u0161i\u0165 svoju hru \u2013 konajte teraz a z\u00edskajte svoj bonus!","robots":{"index":"index","follow":"follow","max-snippet":"max-snippet:-1","max-image-preview":"max-image-preview:large","max-video-preview":"max-video-preview:-1"},"og_locale":"sk_SK","og_type":"article","og_title":"Stredaj\u0161\u00ed Cash Splash: 50 % bonus a\u017e do v\u00fd\u0161ky 220 \u20ac","og_description":"Rozp\u00e1\u013ete vzru\u0161enie so stredaj\u0161\u00edm Cash Splash! Z\u00edskajte 50 % bonus a\u017e do v\u00fd\u0161ky 220 \u20ac na svoje ob\u013e\u00faben\u00e9 automaty v kas\u00edne. Nenechajte si ujs\u0165 \u0161ancu maximalizova\u0165 svoje v\u00fdhry a vylep\u0161i\u0165 svoju hru \u2013 konajte teraz a z\u00edskajte svoj bonus!","og_url":"https:\/\/22bet.cafe\/slovakia\/bonus\/wednesday-cash-splash\/","og_site_name":"22bet Team sk","article_modified_time":"2025-09-04T08:10:40+00:00","twitter_card":"summary_large_image","schema":{"@context":"https:\/\/schema.org","@graph":[{"@type":"WebPage","@id":"https:\/\/22bet.cafe\/slovakia\/bonus\/wednesday-cash-splash\/","url":"https:\/\/22bet.cafe\/slovakia\/bonus\/wednesday-cash-splash\/","name":"Stredaj\u0161\u00ed Cash Splash: 50 % bonus a\u017e do v\u00fd\u0161ky 220 \u20ac","isPartOf":{"@id":"https:\/\/22bet.cafe\/slovakia\/#website"},"datePublished":"2025-03-21T07:46:08+00:00","dateModified":"2025-09-04T08:10:40+00:00","description":"Rozp\u00e1\u013ete vzru\u0161enie so stredaj\u0161\u00edm Cash Splash! Z\u00edskajte 50 % bonus a\u017e do v\u00fd\u0161ky 220 \u20ac na svoje ob\u013e\u00faben\u00e9 automaty v kas\u00edne. Nenechajte si ujs\u0165 \u0161ancu maximalizova\u0165 svoje v\u00fdhry a vylep\u0161i\u0165 svoju hru \u2013 konajte teraz a z\u00edskajte svoj bonus!","breadcrumb":{"@id":"https:\/\/22bet.cafe\/slovakia\/bonus\/wednesday-cash-splash\/#breadcrumb"},"inLanguage":"sk-SK","potentialAction":[{"@type":"ReadAction","target":["https:\/\/22bet.cafe\/slovakia\/bonus\/wednesday-cash-splash\/"]}]},{"@type":"BreadcrumbList","@id":"https:\/\/22bet.cafe\/slovakia\/bonus\/wednesday-cash-splash\/#breadcrumb","itemListElement":[{"@type":"ListItem","position":1,"name":"\u0413\u043b\u0430\u0432\u043d\u0430\u044f \u0441\u0442\u0440\u0430\u043d\u0438\u0446\u0430","item":"https:\/\/22bet.cafe\/slovakia\/"},{"@type":"ListItem","position":2,"name":"Bonus","item":"https:\/\/22bet.cafe\/slovakia\/bonus\/"},{"@type":"ListItem","position":3,"name":"Streda Cash Splash"}]},{"@type":"WebSite","@id":"https:\/\/22bet.cafe\/slovakia\/#website","url":"https:\/\/22bet.cafe\/slovakia\/","name":"22bet Team sk","description":"My WordPress Blog","potentialAction":[{"@type":"SearchAction","target":{"@type":"EntryPoint","urlTemplate":"https:\/\/22bet.cafe\/slovakia\/?s={search_term_string}"},"query-input":{"@type":"PropertyValueSpecification","valueRequired":true,"valueName":"search_term_string"}}],"inLanguage":"sk-SK"}]}},"_links":{"self":[{"href":"https:\/\/22bet.cafe\/slovakia\/wp-json\/wp\/v2\/pages\/753","targetHints":{"allow":["GET"]}}],"collection":[{"href":"https:\/\/22bet.cafe\/slovakia\/wp-json\/wp\/v2\/pages"}],"about":[{"href":"https:\/\/22bet.cafe\/slovakia\/wp-json\/wp\/v2\/types\/page"}],"author":[{"embeddable":true,"href":"https:\/\/22bet.cafe\/slovakia\/wp-json\/wp\/v2\/users\/1"}],"replies":[{"embeddable":true,"href":"https:\/\/22bet.cafe\/slovakia\/wp-json\/wp\/v2\/comments?post=753"}],"version-history":[{"count":2,"href":"https:\/\/22bet.cafe\/slovakia\/wp-json\/wp\/v2\/pages\/753\/revisions"}],"predecessor-version":[{"id":996,"href":"https:\/\/22bet.cafe\/slovakia\/wp-json\/wp\/v2\/pages\/753\/revisions\/996"}],"up":[{"embeddable":true,"href":"https:\/\/22bet.cafe\/slovakia\/wp-json\/wp\/v2\/pages\/152"}],"wp:attachment":[{"href":"https:\/\/22bet.cafe\/slovakia\/wp-json\/wp\/v2\/media?parent=753"}],"curies":[{"name":"wp","href":"https:\/\/api.w.org\/{rel}","templated":true}]}}