{"id":981,"date":"2025-08-12T05:30:36","date_gmt":"2025-08-12T05:30:36","guid":{"rendered":"https:\/\/22bet.cafe\/norway\/?page_id=981"},"modified":"2025-12-04T07:39:27","modified_gmt":"2025-12-04T07:39:27","slug":"play-aviator","status":"publish","type":"page","link":"https:\/\/22bet.cafe\/norway\/play-aviator\/","title":{"rendered":"Aviator"},"content":{"rendered":"","protected":false},"excerpt":{"rendered":"","protected":false},"author":1,"featured_media":0,"parent":0,"menu_order":0,"comment_status":"closed","ping_status":"closed","template":"","meta":{"_acf_changed":false,"inline_featured_image":false,"footnotes":""},"class_list":["post-981","page","type-page","status-publish","hentry"],"acf":[],"yoast_head":"<!-- This site is optimized with the Yoast SEO plugin v26.0 - https:\/\/yoast.com\/wordpress\/plugins\/seo\/ -->\n<title>Spill 22Bet Aviator \ud83d\ude80 Tips, triks og bonuser for suksess!<\/title>\n<meta name=\"description\" content=\"Gj\u00f8r deg klar til \u00e5 ta av med 22Bet Aviator! Oppdag unike strategier, spilltips og sjansen til \u00e5 vinne stort. Dette spennende spillet med \u00f8kende odds venter p\u00e5 deg \u2013 dykk inn i gamblingens verden n\u00e5.\" \/>\n<meta name=\"robots\" content=\"index, follow, max-snippet:-1, max-image-preview:large, max-video-preview:-1\" \/>\n<meta property=\"og:locale\" content=\"nb_NO\" \/>\n<meta property=\"og:type\" content=\"article\" \/>\n<meta property=\"og:title\" content=\"Spill 22Bet Aviator \ud83d\ude80 Tips, triks og bonuser for suksess!\" \/>\n<meta property=\"og:description\" content=\"Gj\u00f8r deg klar til \u00e5 ta av med 22Bet Aviator! Oppdag unike strategier, spilltips og sjansen til \u00e5 vinne stort. Dette spennende spillet med \u00f8kende odds venter p\u00e5 deg \u2013 dykk inn i gamblingens verden n\u00e5.\" \/>\n<meta property=\"og:url\" content=\"https:\/\/22bet.cafe\/norway\/play-aviator\/\" \/>\n<meta property=\"og:site_name\" content=\"22bet Team no\" \/>\n<meta property=\"article:modified_time\" content=\"2025-12-04T07:39:27+00:00\" \/>\n<meta name=\"twitter:card\" content=\"summary_large_image\" \/>\n<script type=\"application\/ld+json\" class=\"yoast-schema-graph\">{\"@context\":\"https:\/\/schema.org\",\"@graph\":[{\"@type\":\"WebPage\",\"@id\":\"https:\/\/22bet.cafe\/norway\/play-aviator\/\",\"url\":\"https:\/\/22bet.cafe\/norway\/play-aviator\/\",\"name\":\"Spill 22Bet Aviator \ud83d\ude80 Tips, triks og bonuser for suksess!\",\"isPartOf\":{\"@id\":\"https:\/\/22bet.cafe\/norway\/#website\"},\"datePublished\":\"2025-08-12T05:30:36+00:00\",\"dateModified\":\"2025-12-04T07:39:27+00:00\",\"description\":\"Gj\u00f8r deg klar til \u00e5 ta av med 22Bet Aviator! Oppdag unike strategier, spilltips og sjansen til \u00e5 vinne stort. Dette spennende spillet med \u00f8kende odds venter p\u00e5 deg \u2013 dykk inn i gamblingens verden n\u00e5.\",\"breadcrumb\":{\"@id\":\"https:\/\/22bet.cafe\/norway\/play-aviator\/#breadcrumb\"},\"inLanguage\":\"nb-NO\",\"potentialAction\":[{\"@type\":\"ReadAction\",\"target\":[\"https:\/\/22bet.cafe\/norway\/play-aviator\/\"]}]},{\"@type\":\"BreadcrumbList\",\"@id\":\"https:\/\/22bet.cafe\/norway\/play-aviator\/#breadcrumb\",\"itemListElement\":[{\"@type\":\"ListItem\",\"position\":1,\"name\":\"\u0413\u043b\u0430\u0432\u043d\u0430\u044f \u0441\u0442\u0440\u0430\u043d\u0438\u0446\u0430\",\"item\":\"https:\/\/22bet.cafe\/norway\/\"},{\"@type\":\"ListItem\",\"position\":2,\"name\":\"Aviator\"}]},{\"@type\":\"WebSite\",\"@id\":\"https:\/\/22bet.cafe\/norway\/#website\",\"url\":\"https:\/\/22bet.cafe\/norway\/\",\"name\":\"22bet Team no\",\"description\":\"\",\"potentialAction\":[{\"@type\":\"SearchAction\",\"target\":{\"@type\":\"EntryPoint\",\"urlTemplate\":\"https:\/\/22bet.cafe\/norway\/?s={search_term_string}\"},\"query-input\":{\"@type\":\"PropertyValueSpecification\",\"valueRequired\":true,\"valueName\":\"search_term_string\"}}],\"inLanguage\":\"nb-NO\"}]}<\/script>\n<!-- \/ Yoast SEO plugin. -->","yoast_head_json":{"title":"Spill 22Bet Aviator \ud83d\ude80 Tips, triks og bonuser for suksess!","description":"Gj\u00f8r deg klar til \u00e5 ta av med 22Bet Aviator! Oppdag unike strategier, spilltips og sjansen til \u00e5 vinne stort. Dette spennende spillet med \u00f8kende odds venter p\u00e5 deg \u2013 dykk inn i gamblingens verden n\u00e5.","robots":{"index":"index","follow":"follow","max-snippet":"max-snippet:-1","max-image-preview":"max-image-preview:large","max-video-preview":"max-video-preview:-1"},"og_locale":"nb_NO","og_type":"article","og_title":"Spill 22Bet Aviator \ud83d\ude80 Tips, triks og bonuser for suksess!","og_description":"Gj\u00f8r deg klar til \u00e5 ta av med 22Bet Aviator! Oppdag unike strategier, spilltips og sjansen til \u00e5 vinne stort. Dette spennende spillet med \u00f8kende odds venter p\u00e5 deg \u2013 dykk inn i gamblingens verden n\u00e5.","og_url":"https:\/\/22bet.cafe\/norway\/play-aviator\/","og_site_name":"22bet Team no","article_modified_time":"2025-12-04T07:39:27+00:00","twitter_card":"summary_large_image","schema":{"@context":"https:\/\/schema.org","@graph":[{"@type":"WebPage","@id":"https:\/\/22bet.cafe\/norway\/play-aviator\/","url":"https:\/\/22bet.cafe\/norway\/play-aviator\/","name":"Spill 22Bet Aviator \ud83d\ude80 Tips, triks og bonuser for suksess!","isPartOf":{"@id":"https:\/\/22bet.cafe\/norway\/#website"},"datePublished":"2025-08-12T05:30:36+00:00","dateModified":"2025-12-04T07:39:27+00:00","description":"Gj\u00f8r deg klar til \u00e5 ta av med 22Bet Aviator! Oppdag unike strategier, spilltips og sjansen til \u00e5 vinne stort. Dette spennende spillet med \u00f8kende odds venter p\u00e5 deg \u2013 dykk inn i gamblingens verden n\u00e5.","breadcrumb":{"@id":"https:\/\/22bet.cafe\/norway\/play-aviator\/#breadcrumb"},"inLanguage":"nb-NO","potentialAction":[{"@type":"ReadAction","target":["https:\/\/22bet.cafe\/norway\/play-aviator\/"]}]},{"@type":"BreadcrumbList","@id":"https:\/\/22bet.cafe\/norway\/play-aviator\/#breadcrumb","itemListElement":[{"@type":"ListItem","position":1,"name":"\u0413\u043b\u0430\u0432\u043d\u0430\u044f \u0441\u0442\u0440\u0430\u043d\u0438\u0446\u0430","item":"https:\/\/22bet.cafe\/norway\/"},{"@type":"ListItem","position":2,"name":"Aviator"}]},{"@type":"WebSite","@id":"https:\/\/22bet.cafe\/norway\/#website","url":"https:\/\/22bet.cafe\/norway\/","name":"22bet Team no","description":"","potentialAction":[{"@type":"SearchAction","target":{"@type":"EntryPoint","urlTemplate":"https:\/\/22bet.cafe\/norway\/?s={search_term_string}"},"query-input":{"@type":"PropertyValueSpecification","valueRequired":true,"valueName":"search_term_string"}}],"inLanguage":"nb-NO"}]}},"_links":{"self":[{"href":"https:\/\/22bet.cafe\/norway\/wp-json\/wp\/v2\/pages\/981","targetHints":{"allow":["GET"]}}],"collection":[{"href":"https:\/\/22bet.cafe\/norway\/wp-json\/wp\/v2\/pages"}],"about":[{"href":"https:\/\/22bet.cafe\/norway\/wp-json\/wp\/v2\/types\/page"}],"author":[{"embeddable":true,"href":"https:\/\/22bet.cafe\/norway\/wp-json\/wp\/v2\/users\/1"}],"replies":[{"embeddable":true,"href":"https:\/\/22bet.cafe\/norway\/wp-json\/wp\/v2\/comments?post=981"}],"version-history":[{"count":7,"href":"https:\/\/22bet.cafe\/norway\/wp-json\/wp\/v2\/pages\/981\/revisions"}],"predecessor-version":[{"id":1209,"href":"https:\/\/22bet.cafe\/norway\/wp-json\/wp\/v2\/pages\/981\/revisions\/1209"}],"wp:attachment":[{"href":"https:\/\/22bet.cafe\/norway\/wp-json\/wp\/v2\/media?parent=981"}],"curies":[{"name":"wp","href":"https:\/\/api.w.org\/{rel}","templated":true}]}}