{"id":765,"date":"2025-04-30T06:56:01","date_gmt":"2025-04-30T06:56:01","guid":{"rendered":"https:\/\/22bet.cafe\/hungary\/?page_id=765"},"modified":"2025-04-30T06:57:50","modified_gmt":"2025-04-30T06:57:50","slug":"wednesday-cash-splash","status":"publish","type":"page","link":"https:\/\/22bet.cafe\/hungary\/bonus\/wednesday-cash-splash\/","title":{"rendered":"Szerdai k\u00e9szp\u00e9nzfr\u00f6ccs"},"content":{"rendered":"","protected":false},"excerpt":{"rendered":"","protected":false},"author":1,"featured_media":0,"parent":152,"menu_order":0,"comment_status":"closed","ping_status":"closed","template":"","meta":{"_acf_changed":false,"inline_featured_image":false,"footnotes":""},"class_list":["post-765","page","type-page","status-publish","hentry"],"acf":[],"yoast_head":"<!-- This site is optimized with the Yoast SEO plugin v26.0 - https:\/\/yoast.com\/wordpress\/plugins\/seo\/ -->\n<title>Szerdai Cash Splash: 50% b\u00f3nusz ak\u00e1r 78.000 Ft-ig<\/title>\n<meta name=\"description\" content=\"Gy\u00fajtson izgalmat a szerdai k\u00e9szp\u00e9nzfr\u00f6ccsel! Vegy\u00e9l 50% b\u00f3nuszt ak\u00e1r 78.000 Ft-ig kedvenc nyer\u0151g\u00e9peidre a kaszin\u00f3ban. Ne hagyd ki a lehet\u0151s\u00e9get, hogy maximaliz\u00e1ld a nyerem\u00e9nyeidet \u00e9s fokozd a j\u00e1t\u00e9kodat - cselekedj most \u00e9s vedd ig\u00e9nybe a b\u00f3nuszodat!\" \/>\n<meta name=\"robots\" content=\"index, follow, max-snippet:-1, max-image-preview:large, max-video-preview:-1\" \/>\n<meta property=\"og:locale\" content=\"hu_HU\" \/>\n<meta property=\"og:type\" content=\"article\" \/>\n<meta property=\"og:title\" content=\"Szerdai Cash Splash: 50% b\u00f3nusz ak\u00e1r 78.000 Ft-ig\" \/>\n<meta property=\"og:description\" content=\"Gy\u00fajtson izgalmat a szerdai k\u00e9szp\u00e9nzfr\u00f6ccsel! Vegy\u00e9l 50% b\u00f3nuszt ak\u00e1r 78.000 Ft-ig kedvenc nyer\u0151g\u00e9peidre a kaszin\u00f3ban. Ne hagyd ki a lehet\u0151s\u00e9get, hogy maximaliz\u00e1ld a nyerem\u00e9nyeidet \u00e9s fokozd a j\u00e1t\u00e9kodat - cselekedj most \u00e9s vedd ig\u00e9nybe a b\u00f3nuszodat!\" \/>\n<meta property=\"og:url\" content=\"https:\/\/22bet.cafe\/hungary\/bonus\/wednesday-cash-splash\/\" \/>\n<meta property=\"og:site_name\" content=\"22bet Team hu\" \/>\n<meta property=\"article:modified_time\" content=\"2025-04-30T06:57:50+00:00\" \/>\n<meta name=\"twitter:card\" content=\"summary_large_image\" \/>\n<script type=\"application\/ld+json\" class=\"yoast-schema-graph\">{\"@context\":\"https:\/\/schema.org\",\"@graph\":[{\"@type\":\"WebPage\",\"@id\":\"https:\/\/22bet.cafe\/hungary\/bonus\/wednesday-cash-splash\/\",\"url\":\"https:\/\/22bet.cafe\/hungary\/bonus\/wednesday-cash-splash\/\",\"name\":\"Szerdai Cash Splash: 50% b\u00f3nusz ak\u00e1r 78.000 Ft-ig\",\"isPartOf\":{\"@id\":\"https:\/\/22bet.cafe\/hungary\/#website\"},\"datePublished\":\"2025-04-30T06:56:01+00:00\",\"dateModified\":\"2025-04-30T06:57:50+00:00\",\"description\":\"Gy\u00fajtson izgalmat a szerdai k\u00e9szp\u00e9nzfr\u00f6ccsel! Vegy\u00e9l 50% b\u00f3nuszt ak\u00e1r 78.000 Ft-ig kedvenc nyer\u0151g\u00e9peidre a kaszin\u00f3ban. Ne hagyd ki a lehet\u0151s\u00e9get, hogy maximaliz\u00e1ld a nyerem\u00e9nyeidet \u00e9s fokozd a j\u00e1t\u00e9kodat - cselekedj most \u00e9s vedd ig\u00e9nybe a b\u00f3nuszodat!\",\"breadcrumb\":{\"@id\":\"https:\/\/22bet.cafe\/hungary\/bonus\/wednesday-cash-splash\/#breadcrumb\"},\"inLanguage\":\"hu\",\"potentialAction\":[{\"@type\":\"ReadAction\",\"target\":[\"https:\/\/22bet.cafe\/hungary\/bonus\/wednesday-cash-splash\/\"]}]},{\"@type\":\"BreadcrumbList\",\"@id\":\"https:\/\/22bet.cafe\/hungary\/bonus\/wednesday-cash-splash\/#breadcrumb\",\"itemListElement\":[{\"@type\":\"ListItem\",\"position\":1,\"name\":\"\u0413\u043b\u0430\u0432\u043d\u0430\u044f \u0441\u0442\u0440\u0430\u043d\u0438\u0446\u0430\",\"item\":\"https:\/\/22bet.cafe\/hungary\/\"},{\"@type\":\"ListItem\",\"position\":2,\"name\":\"B\u00f3nusz\",\"item\":\"https:\/\/22bet.cafe\/hungary\/bonus\/\"},{\"@type\":\"ListItem\",\"position\":3,\"name\":\"Szerdai k\u00e9szp\u00e9nzfr\u00f6ccs\"}]},{\"@type\":\"WebSite\",\"@id\":\"https:\/\/22bet.cafe\/hungary\/#website\",\"url\":\"https:\/\/22bet.cafe\/hungary\/\",\"name\":\"22bet Team hu\",\"description\":\"My WordPress Blog\",\"potentialAction\":[{\"@type\":\"SearchAction\",\"target\":{\"@type\":\"EntryPoint\",\"urlTemplate\":\"https:\/\/22bet.cafe\/hungary\/?s={search_term_string}\"},\"query-input\":{\"@type\":\"PropertyValueSpecification\",\"valueRequired\":true,\"valueName\":\"search_term_string\"}}],\"inLanguage\":\"hu\"}]}<\/script>\n<!-- \/ Yoast SEO plugin. -->","yoast_head_json":{"title":"Szerdai Cash Splash: 50% b\u00f3nusz ak\u00e1r 78.000 Ft-ig","description":"Gy\u00fajtson izgalmat a szerdai k\u00e9szp\u00e9nzfr\u00f6ccsel! Vegy\u00e9l 50% b\u00f3nuszt ak\u00e1r 78.000 Ft-ig kedvenc nyer\u0151g\u00e9peidre a kaszin\u00f3ban. Ne hagyd ki a lehet\u0151s\u00e9get, hogy maximaliz\u00e1ld a nyerem\u00e9nyeidet \u00e9s fokozd a j\u00e1t\u00e9kodat - cselekedj most \u00e9s vedd ig\u00e9nybe a b\u00f3nuszodat!","robots":{"index":"index","follow":"follow","max-snippet":"max-snippet:-1","max-image-preview":"max-image-preview:large","max-video-preview":"max-video-preview:-1"},"og_locale":"hu_HU","og_type":"article","og_title":"Szerdai Cash Splash: 50% b\u00f3nusz ak\u00e1r 78.000 Ft-ig","og_description":"Gy\u00fajtson izgalmat a szerdai k\u00e9szp\u00e9nzfr\u00f6ccsel! Vegy\u00e9l 50% b\u00f3nuszt ak\u00e1r 78.000 Ft-ig kedvenc nyer\u0151g\u00e9peidre a kaszin\u00f3ban. Ne hagyd ki a lehet\u0151s\u00e9get, hogy maximaliz\u00e1ld a nyerem\u00e9nyeidet \u00e9s fokozd a j\u00e1t\u00e9kodat - cselekedj most \u00e9s vedd ig\u00e9nybe a b\u00f3nuszodat!","og_url":"https:\/\/22bet.cafe\/hungary\/bonus\/wednesday-cash-splash\/","og_site_name":"22bet Team hu","article_modified_time":"2025-04-30T06:57:50+00:00","twitter_card":"summary_large_image","schema":{"@context":"https:\/\/schema.org","@graph":[{"@type":"WebPage","@id":"https:\/\/22bet.cafe\/hungary\/bonus\/wednesday-cash-splash\/","url":"https:\/\/22bet.cafe\/hungary\/bonus\/wednesday-cash-splash\/","name":"Szerdai Cash Splash: 50% b\u00f3nusz ak\u00e1r 78.000 Ft-ig","isPartOf":{"@id":"https:\/\/22bet.cafe\/hungary\/#website"},"datePublished":"2025-04-30T06:56:01+00:00","dateModified":"2025-04-30T06:57:50+00:00","description":"Gy\u00fajtson izgalmat a szerdai k\u00e9szp\u00e9nzfr\u00f6ccsel! Vegy\u00e9l 50% b\u00f3nuszt ak\u00e1r 78.000 Ft-ig kedvenc nyer\u0151g\u00e9peidre a kaszin\u00f3ban. Ne hagyd ki a lehet\u0151s\u00e9get, hogy maximaliz\u00e1ld a nyerem\u00e9nyeidet \u00e9s fokozd a j\u00e1t\u00e9kodat - cselekedj most \u00e9s vedd ig\u00e9nybe a b\u00f3nuszodat!","breadcrumb":{"@id":"https:\/\/22bet.cafe\/hungary\/bonus\/wednesday-cash-splash\/#breadcrumb"},"inLanguage":"hu","potentialAction":[{"@type":"ReadAction","target":["https:\/\/22bet.cafe\/hungary\/bonus\/wednesday-cash-splash\/"]}]},{"@type":"BreadcrumbList","@id":"https:\/\/22bet.cafe\/hungary\/bonus\/wednesday-cash-splash\/#breadcrumb","itemListElement":[{"@type":"ListItem","position":1,"name":"\u0413\u043b\u0430\u0432\u043d\u0430\u044f \u0441\u0442\u0440\u0430\u043d\u0438\u0446\u0430","item":"https:\/\/22bet.cafe\/hungary\/"},{"@type":"ListItem","position":2,"name":"B\u00f3nusz","item":"https:\/\/22bet.cafe\/hungary\/bonus\/"},{"@type":"ListItem","position":3,"name":"Szerdai k\u00e9szp\u00e9nzfr\u00f6ccs"}]},{"@type":"WebSite","@id":"https:\/\/22bet.cafe\/hungary\/#website","url":"https:\/\/22bet.cafe\/hungary\/","name":"22bet Team hu","description":"My WordPress Blog","potentialAction":[{"@type":"SearchAction","target":{"@type":"EntryPoint","urlTemplate":"https:\/\/22bet.cafe\/hungary\/?s={search_term_string}"},"query-input":{"@type":"PropertyValueSpecification","valueRequired":true,"valueName":"search_term_string"}}],"inLanguage":"hu"}]}},"_links":{"self":[{"href":"https:\/\/22bet.cafe\/hungary\/wp-json\/wp\/v2\/pages\/765","targetHints":{"allow":["GET"]}}],"collection":[{"href":"https:\/\/22bet.cafe\/hungary\/wp-json\/wp\/v2\/pages"}],"about":[{"href":"https:\/\/22bet.cafe\/hungary\/wp-json\/wp\/v2\/types\/page"}],"author":[{"embeddable":true,"href":"https:\/\/22bet.cafe\/hungary\/wp-json\/wp\/v2\/users\/1"}],"replies":[{"embeddable":true,"href":"https:\/\/22bet.cafe\/hungary\/wp-json\/wp\/v2\/comments?post=765"}],"version-history":[{"count":0,"href":"https:\/\/22bet.cafe\/hungary\/wp-json\/wp\/v2\/pages\/765\/revisions"}],"up":[{"embeddable":true,"href":"https:\/\/22bet.cafe\/hungary\/wp-json\/wp\/v2\/pages\/152"}],"wp:attachment":[{"href":"https:\/\/22bet.cafe\/hungary\/wp-json\/wp\/v2\/media?parent=765"}],"curies":[{"name":"wp","href":"https:\/\/api.w.org\/{rel}","templated":true}]}}