{"id":522,"date":"2024-09-17T06:08:30","date_gmt":"2024-09-17T06:08:30","guid":{"rendered":"https:\/\/22bet.cafe\/hungary\/?page_id=522"},"modified":"2025-02-09T10:36:06","modified_gmt":"2025-02-09T10:36:06","slug":"casino","status":"publish","type":"page","link":"https:\/\/22bet.cafe\/hungary\/casino\/","title":{"rendered":"Kaszin\u00f3"},"content":{"rendered":"","protected":false},"excerpt":{"rendered":"","protected":false},"author":1,"featured_media":0,"parent":0,"menu_order":0,"comment_status":"closed","ping_status":"closed","template":"","meta":{"_acf_changed":false,"inline_featured_image":false,"footnotes":""},"class_list":["post-522","page","type-page","status-publish","hentry"],"acf":[],"yoast_head":"<!-- This site is optimized with the Yoast SEO plugin v26.0 - https:\/\/yoast.com\/wordpress\/plugins\/seo\/ -->\n<title>22Bet Casino 2025 | J\u00e1t\u00e9k 22Bet j\u00e1t\u00e9kok<\/title>\n<meta name=\"description\" content=\"A 22Bet Casino sz\u00e1mos kaszin\u00f3j\u00e1t\u00e9kot \u00e9s vonz\u00f3 prom\u00f3ci\u00f3kat k\u00edn\u00e1l. J\u00e1tsszon \u00e9l\u0151 oszt\u00f3s j\u00e1t\u00e9kokkal \u00e9s b\u00f3nusz funkci\u00f3kkal ell\u00e1tott nyer\u0151g\u00e9pekkel a 22Betn\u00e9l. Regisztr\u00e1lj \u00e9s szerezz kaszin\u00f3 \u00fcdv\u00f6zl\u0151 b\u00f3nuszt!\" \/>\n<meta name=\"robots\" content=\"index, follow, max-snippet:-1, max-image-preview:large, max-video-preview:-1\" \/>\n<meta property=\"og:locale\" content=\"hu_HU\" \/>\n<meta property=\"og:type\" content=\"article\" \/>\n<meta property=\"og:title\" content=\"22Bet Casino 2025 | J\u00e1t\u00e9k 22Bet j\u00e1t\u00e9kok\" \/>\n<meta property=\"og:description\" content=\"A 22Bet Casino sz\u00e1mos kaszin\u00f3j\u00e1t\u00e9kot \u00e9s vonz\u00f3 prom\u00f3ci\u00f3kat k\u00edn\u00e1l. J\u00e1tsszon \u00e9l\u0151 oszt\u00f3s j\u00e1t\u00e9kokkal \u00e9s b\u00f3nusz funkci\u00f3kkal ell\u00e1tott nyer\u0151g\u00e9pekkel a 22Betn\u00e9l. Regisztr\u00e1lj \u00e9s szerezz kaszin\u00f3 \u00fcdv\u00f6zl\u0151 b\u00f3nuszt!\" \/>\n<meta property=\"og:url\" content=\"https:\/\/22bet.cafe\/hungary\/casino\/\" \/>\n<meta property=\"og:site_name\" content=\"22bet Team hu\" \/>\n<meta property=\"article:modified_time\" content=\"2025-02-09T10:36:06+00:00\" \/>\n<meta name=\"twitter:card\" content=\"summary_large_image\" \/>\n<script type=\"application\/ld+json\" class=\"yoast-schema-graph\">{\"@context\":\"https:\/\/schema.org\",\"@graph\":[{\"@type\":\"WebPage\",\"@id\":\"https:\/\/22bet.cafe\/hungary\/casino\/\",\"url\":\"https:\/\/22bet.cafe\/hungary\/casino\/\",\"name\":\"22Bet Casino 2025 | J\u00e1t\u00e9k 22Bet j\u00e1t\u00e9kok\",\"isPartOf\":{\"@id\":\"https:\/\/22bet.cafe\/hungary\/#website\"},\"datePublished\":\"2024-09-17T06:08:30+00:00\",\"dateModified\":\"2025-02-09T10:36:06+00:00\",\"description\":\"A 22Bet Casino sz\u00e1mos kaszin\u00f3j\u00e1t\u00e9kot \u00e9s vonz\u00f3 prom\u00f3ci\u00f3kat k\u00edn\u00e1l. J\u00e1tsszon \u00e9l\u0151 oszt\u00f3s j\u00e1t\u00e9kokkal \u00e9s b\u00f3nusz funkci\u00f3kkal ell\u00e1tott nyer\u0151g\u00e9pekkel a 22Betn\u00e9l. Regisztr\u00e1lj \u00e9s szerezz kaszin\u00f3 \u00fcdv\u00f6zl\u0151 b\u00f3nuszt!\",\"breadcrumb\":{\"@id\":\"https:\/\/22bet.cafe\/hungary\/casino\/#breadcrumb\"},\"inLanguage\":\"hu\",\"potentialAction\":[{\"@type\":\"ReadAction\",\"target\":[\"https:\/\/22bet.cafe\/hungary\/casino\/\"]}]},{\"@type\":\"BreadcrumbList\",\"@id\":\"https:\/\/22bet.cafe\/hungary\/casino\/#breadcrumb\",\"itemListElement\":[{\"@type\":\"ListItem\",\"position\":1,\"name\":\"\u0413\u043b\u0430\u0432\u043d\u0430\u044f \u0441\u0442\u0440\u0430\u043d\u0438\u0446\u0430\",\"item\":\"https:\/\/22bet.cafe\/hungary\/\"},{\"@type\":\"ListItem\",\"position\":2,\"name\":\"Kaszin\u00f3\"}]},{\"@type\":\"WebSite\",\"@id\":\"https:\/\/22bet.cafe\/hungary\/#website\",\"url\":\"https:\/\/22bet.cafe\/hungary\/\",\"name\":\"22bet Team hu\",\"description\":\"My WordPress Blog\",\"potentialAction\":[{\"@type\":\"SearchAction\",\"target\":{\"@type\":\"EntryPoint\",\"urlTemplate\":\"https:\/\/22bet.cafe\/hungary\/?s={search_term_string}\"},\"query-input\":{\"@type\":\"PropertyValueSpecification\",\"valueRequired\":true,\"valueName\":\"search_term_string\"}}],\"inLanguage\":\"hu\"}]}<\/script>\n<!-- \/ Yoast SEO plugin. -->","yoast_head_json":{"title":"22Bet Casino 2025 | J\u00e1t\u00e9k 22Bet j\u00e1t\u00e9kok","description":"A 22Bet Casino sz\u00e1mos kaszin\u00f3j\u00e1t\u00e9kot \u00e9s vonz\u00f3 prom\u00f3ci\u00f3kat k\u00edn\u00e1l. J\u00e1tsszon \u00e9l\u0151 oszt\u00f3s j\u00e1t\u00e9kokkal \u00e9s b\u00f3nusz funkci\u00f3kkal ell\u00e1tott nyer\u0151g\u00e9pekkel a 22Betn\u00e9l. Regisztr\u00e1lj \u00e9s szerezz kaszin\u00f3 \u00fcdv\u00f6zl\u0151 b\u00f3nuszt!","robots":{"index":"index","follow":"follow","max-snippet":"max-snippet:-1","max-image-preview":"max-image-preview:large","max-video-preview":"max-video-preview:-1"},"og_locale":"hu_HU","og_type":"article","og_title":"22Bet Casino 2025 | J\u00e1t\u00e9k 22Bet j\u00e1t\u00e9kok","og_description":"A 22Bet Casino sz\u00e1mos kaszin\u00f3j\u00e1t\u00e9kot \u00e9s vonz\u00f3 prom\u00f3ci\u00f3kat k\u00edn\u00e1l. J\u00e1tsszon \u00e9l\u0151 oszt\u00f3s j\u00e1t\u00e9kokkal \u00e9s b\u00f3nusz funkci\u00f3kkal ell\u00e1tott nyer\u0151g\u00e9pekkel a 22Betn\u00e9l. Regisztr\u00e1lj \u00e9s szerezz kaszin\u00f3 \u00fcdv\u00f6zl\u0151 b\u00f3nuszt!","og_url":"https:\/\/22bet.cafe\/hungary\/casino\/","og_site_name":"22bet Team hu","article_modified_time":"2025-02-09T10:36:06+00:00","twitter_card":"summary_large_image","schema":{"@context":"https:\/\/schema.org","@graph":[{"@type":"WebPage","@id":"https:\/\/22bet.cafe\/hungary\/casino\/","url":"https:\/\/22bet.cafe\/hungary\/casino\/","name":"22Bet Casino 2025 | J\u00e1t\u00e9k 22Bet j\u00e1t\u00e9kok","isPartOf":{"@id":"https:\/\/22bet.cafe\/hungary\/#website"},"datePublished":"2024-09-17T06:08:30+00:00","dateModified":"2025-02-09T10:36:06+00:00","description":"A 22Bet Casino sz\u00e1mos kaszin\u00f3j\u00e1t\u00e9kot \u00e9s vonz\u00f3 prom\u00f3ci\u00f3kat k\u00edn\u00e1l. J\u00e1tsszon \u00e9l\u0151 oszt\u00f3s j\u00e1t\u00e9kokkal \u00e9s b\u00f3nusz funkci\u00f3kkal ell\u00e1tott nyer\u0151g\u00e9pekkel a 22Betn\u00e9l. Regisztr\u00e1lj \u00e9s szerezz kaszin\u00f3 \u00fcdv\u00f6zl\u0151 b\u00f3nuszt!","breadcrumb":{"@id":"https:\/\/22bet.cafe\/hungary\/casino\/#breadcrumb"},"inLanguage":"hu","potentialAction":[{"@type":"ReadAction","target":["https:\/\/22bet.cafe\/hungary\/casino\/"]}]},{"@type":"BreadcrumbList","@id":"https:\/\/22bet.cafe\/hungary\/casino\/#breadcrumb","itemListElement":[{"@type":"ListItem","position":1,"name":"\u0413\u043b\u0430\u0432\u043d\u0430\u044f \u0441\u0442\u0440\u0430\u043d\u0438\u0446\u0430","item":"https:\/\/22bet.cafe\/hungary\/"},{"@type":"ListItem","position":2,"name":"Kaszin\u00f3"}]},{"@type":"WebSite","@id":"https:\/\/22bet.cafe\/hungary\/#website","url":"https:\/\/22bet.cafe\/hungary\/","name":"22bet Team hu","description":"My WordPress Blog","potentialAction":[{"@type":"SearchAction","target":{"@type":"EntryPoint","urlTemplate":"https:\/\/22bet.cafe\/hungary\/?s={search_term_string}"},"query-input":{"@type":"PropertyValueSpecification","valueRequired":true,"valueName":"search_term_string"}}],"inLanguage":"hu"}]}},"_links":{"self":[{"href":"https:\/\/22bet.cafe\/hungary\/wp-json\/wp\/v2\/pages\/522","targetHints":{"allow":["GET"]}}],"collection":[{"href":"https:\/\/22bet.cafe\/hungary\/wp-json\/wp\/v2\/pages"}],"about":[{"href":"https:\/\/22bet.cafe\/hungary\/wp-json\/wp\/v2\/types\/page"}],"author":[{"embeddable":true,"href":"https:\/\/22bet.cafe\/hungary\/wp-json\/wp\/v2\/users\/1"}],"replies":[{"embeddable":true,"href":"https:\/\/22bet.cafe\/hungary\/wp-json\/wp\/v2\/comments?post=522"}],"version-history":[{"count":0,"href":"https:\/\/22bet.cafe\/hungary\/wp-json\/wp\/v2\/pages\/522\/revisions"}],"wp:attachment":[{"href":"https:\/\/22bet.cafe\/hungary\/wp-json\/wp\/v2\/media?parent=522"}],"curies":[{"name":"wp","href":"https:\/\/api.w.org\/{rel}","templated":true}]}}