{"id":470,"date":"2024-09-12T07:19:47","date_gmt":"2024-09-12T07:19:47","guid":{"rendered":"https:\/\/22bet.cafe\/hungary\/?page_id=470"},"modified":"2025-03-26T07:47:45","modified_gmt":"2025-03-26T07:47:45","slug":"partners","status":"publish","type":"page","link":"https:\/\/22bet.cafe\/hungary\/partners\/","title":{"rendered":"Partnerek"},"content":{"rendered":"","protected":false},"excerpt":{"rendered":"","protected":false},"author":1,"featured_media":0,"parent":0,"menu_order":0,"comment_status":"closed","ping_status":"closed","template":"","meta":{"_acf_changed":false,"inline_featured_image":false,"footnotes":""},"class_list":["post-470","page","type-page","status-publish","hentry"],"acf":[],"yoast_head":"<!-- This site is optimized with the Yoast SEO plugin v26.0 - https:\/\/yoast.com\/wordpress\/plugins\/seo\/ -->\n<title>22Bet Partnerek \u26a1 Csatlakozzon a 22Bet Affiliate Programhoz<\/title>\n<meta name=\"description\" content=\"22Bet partnerprogram sportfogad\u00e1s, kaszin\u00f3 \u00e9s p\u00f3ker \u27a4 Magas jutal\u00e9k \u27a4 Heti kifizet\u00e9sek \u27a4 Ak\u00e1r 40%-ot is kereshetsz a sportokon a 22Bet partnerekkel az aj\u00e1nl\u00f3programon kereszt\u00fcl.\" \/>\n<meta name=\"robots\" content=\"index, follow, max-snippet:-1, max-image-preview:large, max-video-preview:-1\" \/>\n<meta property=\"og:locale\" content=\"hu_HU\" \/>\n<meta property=\"og:type\" content=\"article\" \/>\n<meta property=\"og:title\" content=\"22Bet Partnerek \u26a1 Csatlakozzon a 22Bet Affiliate Programhoz\" \/>\n<meta property=\"og:description\" content=\"22Bet partnerprogram sportfogad\u00e1s, kaszin\u00f3 \u00e9s p\u00f3ker \u27a4 Magas jutal\u00e9k \u27a4 Heti kifizet\u00e9sek \u27a4 Ak\u00e1r 40%-ot is kereshetsz a sportokon a 22Bet partnerekkel az aj\u00e1nl\u00f3programon kereszt\u00fcl.\" \/>\n<meta property=\"og:url\" content=\"https:\/\/22bet.cafe\/hungary\/partners\/\" \/>\n<meta property=\"og:site_name\" content=\"22bet Team hu\" \/>\n<meta property=\"article:modified_time\" content=\"2025-03-26T07:47:45+00:00\" \/>\n<meta name=\"twitter:card\" content=\"summary_large_image\" \/>\n<script type=\"application\/ld+json\" class=\"yoast-schema-graph\">{\"@context\":\"https:\/\/schema.org\",\"@graph\":[{\"@type\":\"WebPage\",\"@id\":\"https:\/\/22bet.cafe\/hungary\/partners\/\",\"url\":\"https:\/\/22bet.cafe\/hungary\/partners\/\",\"name\":\"22Bet Partnerek \u26a1 Csatlakozzon a 22Bet Affiliate Programhoz\",\"isPartOf\":{\"@id\":\"https:\/\/22bet.cafe\/hungary\/#website\"},\"datePublished\":\"2024-09-12T07:19:47+00:00\",\"dateModified\":\"2025-03-26T07:47:45+00:00\",\"description\":\"22Bet partnerprogram sportfogad\u00e1s, kaszin\u00f3 \u00e9s p\u00f3ker \u27a4 Magas jutal\u00e9k \u27a4 Heti kifizet\u00e9sek \u27a4 Ak\u00e1r 40%-ot is kereshetsz a sportokon a 22Bet partnerekkel az aj\u00e1nl\u00f3programon kereszt\u00fcl.\",\"breadcrumb\":{\"@id\":\"https:\/\/22bet.cafe\/hungary\/partners\/#breadcrumb\"},\"inLanguage\":\"hu\",\"potentialAction\":[{\"@type\":\"ReadAction\",\"target\":[\"https:\/\/22bet.cafe\/hungary\/partners\/\"]}]},{\"@type\":\"BreadcrumbList\",\"@id\":\"https:\/\/22bet.cafe\/hungary\/partners\/#breadcrumb\",\"itemListElement\":[{\"@type\":\"ListItem\",\"position\":1,\"name\":\"\u0413\u043b\u0430\u0432\u043d\u0430\u044f \u0441\u0442\u0440\u0430\u043d\u0438\u0446\u0430\",\"item\":\"https:\/\/22bet.cafe\/hungary\/\"},{\"@type\":\"ListItem\",\"position\":2,\"name\":\"Partnerek\"}]},{\"@type\":\"WebSite\",\"@id\":\"https:\/\/22bet.cafe\/hungary\/#website\",\"url\":\"https:\/\/22bet.cafe\/hungary\/\",\"name\":\"22bet Team hu\",\"description\":\"My WordPress Blog\",\"potentialAction\":[{\"@type\":\"SearchAction\",\"target\":{\"@type\":\"EntryPoint\",\"urlTemplate\":\"https:\/\/22bet.cafe\/hungary\/?s={search_term_string}\"},\"query-input\":{\"@type\":\"PropertyValueSpecification\",\"valueRequired\":true,\"valueName\":\"search_term_string\"}}],\"inLanguage\":\"hu\"}]}<\/script>\n<!-- \/ Yoast SEO plugin. -->","yoast_head_json":{"title":"22Bet Partnerek \u26a1 Csatlakozzon a 22Bet Affiliate Programhoz","description":"22Bet partnerprogram sportfogad\u00e1s, kaszin\u00f3 \u00e9s p\u00f3ker \u27a4 Magas jutal\u00e9k \u27a4 Heti kifizet\u00e9sek \u27a4 Ak\u00e1r 40%-ot is kereshetsz a sportokon a 22Bet partnerekkel az aj\u00e1nl\u00f3programon kereszt\u00fcl.","robots":{"index":"index","follow":"follow","max-snippet":"max-snippet:-1","max-image-preview":"max-image-preview:large","max-video-preview":"max-video-preview:-1"},"og_locale":"hu_HU","og_type":"article","og_title":"22Bet Partnerek \u26a1 Csatlakozzon a 22Bet Affiliate Programhoz","og_description":"22Bet partnerprogram sportfogad\u00e1s, kaszin\u00f3 \u00e9s p\u00f3ker \u27a4 Magas jutal\u00e9k \u27a4 Heti kifizet\u00e9sek \u27a4 Ak\u00e1r 40%-ot is kereshetsz a sportokon a 22Bet partnerekkel az aj\u00e1nl\u00f3programon kereszt\u00fcl.","og_url":"https:\/\/22bet.cafe\/hungary\/partners\/","og_site_name":"22bet Team hu","article_modified_time":"2025-03-26T07:47:45+00:00","twitter_card":"summary_large_image","schema":{"@context":"https:\/\/schema.org","@graph":[{"@type":"WebPage","@id":"https:\/\/22bet.cafe\/hungary\/partners\/","url":"https:\/\/22bet.cafe\/hungary\/partners\/","name":"22Bet Partnerek \u26a1 Csatlakozzon a 22Bet Affiliate Programhoz","isPartOf":{"@id":"https:\/\/22bet.cafe\/hungary\/#website"},"datePublished":"2024-09-12T07:19:47+00:00","dateModified":"2025-03-26T07:47:45+00:00","description":"22Bet partnerprogram sportfogad\u00e1s, kaszin\u00f3 \u00e9s p\u00f3ker \u27a4 Magas jutal\u00e9k \u27a4 Heti kifizet\u00e9sek \u27a4 Ak\u00e1r 40%-ot is kereshetsz a sportokon a 22Bet partnerekkel az aj\u00e1nl\u00f3programon kereszt\u00fcl.","breadcrumb":{"@id":"https:\/\/22bet.cafe\/hungary\/partners\/#breadcrumb"},"inLanguage":"hu","potentialAction":[{"@type":"ReadAction","target":["https:\/\/22bet.cafe\/hungary\/partners\/"]}]},{"@type":"BreadcrumbList","@id":"https:\/\/22bet.cafe\/hungary\/partners\/#breadcrumb","itemListElement":[{"@type":"ListItem","position":1,"name":"\u0413\u043b\u0430\u0432\u043d\u0430\u044f \u0441\u0442\u0440\u0430\u043d\u0438\u0446\u0430","item":"https:\/\/22bet.cafe\/hungary\/"},{"@type":"ListItem","position":2,"name":"Partnerek"}]},{"@type":"WebSite","@id":"https:\/\/22bet.cafe\/hungary\/#website","url":"https:\/\/22bet.cafe\/hungary\/","name":"22bet Team hu","description":"My WordPress Blog","potentialAction":[{"@type":"SearchAction","target":{"@type":"EntryPoint","urlTemplate":"https:\/\/22bet.cafe\/hungary\/?s={search_term_string}"},"query-input":{"@type":"PropertyValueSpecification","valueRequired":true,"valueName":"search_term_string"}}],"inLanguage":"hu"}]}},"_links":{"self":[{"href":"https:\/\/22bet.cafe\/hungary\/wp-json\/wp\/v2\/pages\/470","targetHints":{"allow":["GET"]}}],"collection":[{"href":"https:\/\/22bet.cafe\/hungary\/wp-json\/wp\/v2\/pages"}],"about":[{"href":"https:\/\/22bet.cafe\/hungary\/wp-json\/wp\/v2\/types\/page"}],"author":[{"embeddable":true,"href":"https:\/\/22bet.cafe\/hungary\/wp-json\/wp\/v2\/users\/1"}],"replies":[{"embeddable":true,"href":"https:\/\/22bet.cafe\/hungary\/wp-json\/wp\/v2\/comments?post=470"}],"version-history":[{"count":0,"href":"https:\/\/22bet.cafe\/hungary\/wp-json\/wp\/v2\/pages\/470\/revisions"}],"wp:attachment":[{"href":"https:\/\/22bet.cafe\/hungary\/wp-json\/wp\/v2\/media?parent=470"}],"curies":[{"name":"wp","href":"https:\/\/api.w.org\/{rel}","templated":true}]}}